e factors of 801955713?
3, 13, 20562967
What are the prime factors of 35278810?
2, 5, 7, 503983
List the prime factors of 288222558.
2, 3, 13, 419, 8819
List the prime factors of 1655604200.
2, 5, 29, 131, 2179
What are the prime factors of 106384733?
7, 13, 167009
What are the prime factors of 76519535?
5, 163, 93889
List the prime factors of 12199777.
443, 27539
List the prime factors of 9510402.
2, 3, 11, 103, 1399
List the prime factors of 164357687.
13, 71, 178069
List the prime factors of 24194107.
7, 3456301
What are the prime factors of 32608051?
7, 947, 4919
List the prime factors of 842235381.
3, 13, 2399531
What are the prime factors of 1104994243?
107, 1171, 8819
List the prime factors of 498491997.
3, 31, 5360129
List the prime factors of 95237933.
7, 47, 289477
List the prime factors of 692093376.
2, 3, 13, 30809
List the prime factors of 133760756.
2, 33440189
What are the prime factors of 8219197112?
2, 7, 883, 166219
What are the prime factors of 748902901?
11399, 65699
What are the prime factors of 81782979?
3, 27260993
What are the prime factors of 276011207?
8209, 33623
List the prime factors of 375196463.
107, 421, 8329
What are the prime factors of 3549405423?
3, 229, 2273
List the prime factors of 934912367.
509, 1836763
List the prime factors of 17896871.
521, 34351
What are the prime factors of 40372617?
3, 467, 28817
What are the prime factors of 1683760857?
3, 61, 9200879
What are the prime factors of 89946636?
2, 3, 13, 576581
List the prime factors of 7905793695.
3, 5, 19, 227, 122201
List the prime factors of 384955921.
7, 54993703
What are the prime factors of 247490085?
3, 5, 16499339
What are the prime factors of 69323431?
3701, 18731
What are the prime factors of 208662174?
2, 3, 7, 1656049
What are the prime factors of 12147761?
47, 131, 1973
List the prime factors of 426974413.
37, 53, 217733
List the prime factors of 12671006.
2, 233, 27191
What are the prime factors of 6317799619?
491, 12867209
What are the prime factors of 2351282679?
3, 167, 1564393
List the prime factors of 102200237.
102200237
List the prime factors of 3215847303.
3, 357316367
List the prime factors of 568395256.
2, 11, 13, 496849
List the prime factors of 1205837777.
29, 43, 966991
List the prime factors of 23699213.
19, 1247327
What are the prime factors of 176633594?
2, 43, 199, 10321
List the prime factors of 3223777533.
3, 103, 10432937
List the prime factors of 15225288.
2, 3, 13, 48799
List the prime factors of 93477039.
3, 1789, 17417
List the prime factors of 546593794.
2, 61, 4480277
List the prime factors of 2330418882.
2, 3, 11, 349, 101173
List the prime factors of 4471357323.
3, 17, 31, 2828183
List the prime factors of 534641123.
73, 7323851
List the prime factors of 57061389.
3, 7, 11, 19, 13001
What are the prime factors of 45376565?
5, 13, 499, 1399
What are the prime factors of 80181692?
2, 4177, 4799
What are the prime factors of 4037879354?
2, 19, 6833, 15551
List the prime factors of 1596447112.
2, 13, 23, 89, 7499
List the prime factors of 1135566673.
19, 31, 1927957
List the prime factors of 5427064.
2, 678383
List the prime factors of 61014626.
2, 30507313
List the prime factors of 2795755889.
229, 12208541
What are the prime factors of 224313456?
2, 3, 43, 191, 569
What are the prime factors of 18588117?
3, 23, 269393
What are the prime factors of 279437147?
11, 53, 479309
List the prime factors of 65790346.
2, 233, 141181
List the prime factors of 373358279.
7, 5867, 9091
What are the prime factors of 856817286?
2, 3, 13, 10984837
List the prime factors of 146636699.
11, 19, 701611
What are the prime factors of 73676886?
2, 3, 991, 12391
What are the prime factors of 44504168?
2, 5563021
What are the prime factors of 5847985536?
2, 3, 1721, 8849
What are the prime factors of 60773254?
2, 2677, 11351
List the prime factors of 22791523.
59, 386297
What are the prime factors of 3688299633?
3, 15187, 80953
List the prime factors of 3653970669.
3, 83, 543503
List the prime factors of 1067850615.
3, 5, 13, 29, 188833
List the prime factors of 32842102.
2, 223, 73637
List the prime factors of 213907963.
213907963
List the prime factors of 175164482.
2, 87582241
List the prime factors of 60015929.
60015929
What are the prime factors of 214697953?
214697953
List the prime factors of 83143382.
2, 7, 67, 137, 647
What are the prime factors of 1025242962?
2, 3, 170873827
What are the prime factors of 49082746?
2, 223, 110051
What are the prime factors of 1841287206?
2, 3, 11, 27898291
What are the prime factors of 155155648?
2, 47, 51581
What are the prime factors of 946315631?
61, 929, 16699
What are the prime factors of 47030000?
2, 5, 4703
List the prime factors of 527810133.
3, 4157, 42323
What are the prime factors of 101268162?
2, 3, 5626009
List the prime factors of 13361231.
13, 1027787
List the prime factors of 44695470.
2, 3, 5, 379, 3931
What are the prime factors of 91712033?
7, 149, 87931
List the prime factors of 115063979.
83, 1386313
List the prime factors of 1320357500.
2, 5, 7, 11, 19
List the prime factors of 10581639.
3, 3527213
List the prime factors of 1038088215.
3, 5, 149, 154823
List the prime factors of 254074951.
13, 23, 53, 16033
List the prime factors of 2893954277.
19, 23, 83, 3469
List the prime factors of 1412046914.
2, 401, 1760657
What are the prime factors of 905078638?
2, 719, 629401
List the prime factors of 1056087430.
2, 5, 17, 41, 277, 547
What are the prime factors of 289540088?
2, 19, 1904869
What are the prime factors of 438297870?
2, 3, 5, 14609929
What are the prime factors of 2749878776?
2, 37, 9290131
What are the prime factors of 6338816399?
23, 275600713
List the prime factors of 829154697.
3, 7, 1123, 35159
List the prime factors of 58725049.
23, 167, 15289
What are the prime factors of 522314890?
2, 5, 877, 59557
What are the prime factors of 606136894?
2, 11, 23, 229, 5231
What are the prime factors of 9562728?
2, 3, 7, 56921
List the prime factors of 770444966.
2, 385222483
What are the prime factors of 190158699?
3, 63386233
What are the prime factors of 4626677275?
5, 11, 16824281
What are the prime factors of 193784642?
2, 53, 151, 12107
List the prime factors of 1842604432.
2, 17, 509, 13309
What are the prime factors of 2388842490?
2, 3, 5, 79628083
What are the prime factors of 2532130878?
2, 3, 422021813
List the prime factors of 466982560.
2, 5, 11, 24121
List the prime factors of 72292800.
2, 3, 5, 15061
List the prime factors of 159597034.
2, 29, 151, 18223
List the prime factors of 98116170.
2, 3, 5, 277, 11807
What are the prime factors of 306124741?
13, 1811389
List the prime factors of 10367629.
41, 252869
What are the prime factors of 108615167?
47, 73, 31657
What are the prime factors of 811386828?
2, 3, 7, 1073263
What are the prime factors of 1229386932?
2, 3, 34149637
What are the prime factors of 50173422?
2, 3, 13, 29, 41, 541
List the prime factors of 188703155.
5, 19, 23, 67, 1289
What are the prime factors of 566885473?
7, 11, 37, 198977
List the prime factors of 1384816445.
5, 276963289
List the prime factors of 6986107.
379, 18433
What are the prime factors of 1558253122?
2, 83, 131, 547
What are the prime factors of 16187345?
5, 3237469
What are the prime factors of 1106457067?
23, 48106829
List the prime factors of 144559836.
2, 3, 1338517
What are the prime factors of 55686287?
113, 492799
What are the prime factors of 1560388361?
7, 222912623
What are the prime factors of 4689851?
29, 59, 2741
List the prime factors of 140692525.
5, 41, 317, 433
List the prime factors of 45817976.
2, 389, 14723
List the prime factors of 244569793.
13, 107, 193, 911
What are the prime factors of 54488382?
2, 3, 13, 71, 9839
List the prime factors of 1554912434.
2, 3923, 198179
List the prime factors of 270163795.
5, 11, 4912069
What are the prime factors of 3658643325?
3, 5, 19, 47, 131, 139
List the prime factors of 346325949.
3, 1091, 3919
List the prime factors of 50893439.
71, 716809
What are the prime factors of 1015125625?
5, 1624201
List the prime factors of 4419813.
3, 17, 79, 1097
List the prime factors of 24459672.
2, 3, 23, 73, 607
What are the prime factors of 558831612?
2, 3, 43, 1083007
What are the prime factors of 1688025209?
13, 73, 40